be -4 - (-3 - (-4 - -2)). Let h be 43 - (k - (-2 + 1)). What is the highest common divisor of h and l?
15
Let i = -15 - -15. Let p = i + 1. What is the greatest common divisor of p and 1?
1
Suppose 0 = 5*l + 3*w - 448, 600 = 5*l + 4*w + 156. Suppose -4*h = 5*f - l, h - 3*h + 3*f = -46. Calculate the highest common factor of h and 23.
23
Suppose -2 + 82 = 5*t. What is the highest common divisor of t and 8?
8
Let r be ((-6)/2)/(6/(-4)). Suppose -p - r*p + 15 = 0. Calculate the highest common factor of p and 15.
5
Let w(g) be the first derivative of 21*g**2 - 2*g - 4. Let t be w(5). Let v = t - 140. Calculate the highest common divisor of 17 and v.
17
Suppose 15 = 3*s + 2*s. Let a(m) = m. Let y be a(4). Suppose -31 = -3*f - 2*f - y*q, f + q - 7 = 0. Calculate the greatest common divisor of f and s.
3
Suppose 5*x + 3*l - 1521 = 0, 3*l - 4*l + 1527 = 5*x. What is the greatest common factor of x and 34?
34
Let z(v) = -19*v - 12. Let y(f) = -18*f - 12. Let r(g) = 4*y(g) - 3*z(g). Let n be r(-8). Calculate the highest common factor of n and 27.
27
Let k be 2/8 - 285/(-12). Let d(c) = -c - k*c + 1 + 2*c. Let w be d(-1). Calculate the highest common factor of w and 8.
8
Let c be (21 - -1)/(2/7). Suppose 23*y - 28*y = -55. Calculate the highest common divisor of y and c.
11
Suppose 0*u = -u + 1. Let v be ((-33)/(-9))/(u/(-3)). Let q = v + 16. What is the highest common factor of 25 and q?
5
Let t(z) = z**3 - 5*z**2 - 7*z + 5. Let b be t(6). Let n be b/(-2) + 298/(-4). Let o = n + 110. What is the greatest common divisor of 12 and o?
12
Let m be (0 - (3 - 2)) + 124. Suppose -4*o + m + 25 = 0. Let c = o + -21. What is the greatest common factor of c and 4?
4
Let c be (-4)/10 - (-177)/5. Suppose -5*p + c = 3*k, -2*p = -k - 5*p + 13. Calculate the greatest common divisor of k and 25.
5
Suppose -i - 175 = -3*t + 175, -118 = -t - i. What is the highest common divisor of 26 and t?
13
Let f = -157 - -319. Suppose 0 = -2*d + 62 + f. Let c = -17 - -33. What is the highest common divisor of d and c?
16
Let f(q) = 5 - 4*q + 0*q + 5*q - 3. Let b be f(-11). Let l(a) = a**2 + 9*a + 6. Let z be l(b). Calculate the greatest common factor of 2 and z.
2
Suppose 5*x - 17 = -c + 15, 5*c + 2*x - 45 = 0. What is the greatest common factor of c and 35?
7
Let a(u) = 29*u**2 + 2*u + 1. Let z be a(-1). Let t = 3 + 8. Let o = t - 4. Calculate the greatest common divisor of z and o.
7
Let g(b) = -85*b - 10. Let z be g(-2). Calculate the highest common factor of z and 10.
10
Let i = -1 + 6. Let m = i + -3. Let l be (-30)/(-1)*m/3. What is the greatest common factor of 4 and l?
4
Let w(v) = -v**2 + 16. Suppose -3*z + 4*q = -12, 0 = -4*q - 10 - 2. Let m be w(z). What is the greatest common divisor of m and 48?
16
Let i(h) = -5*h**2 - 4*h - 4 + 0*h**3 - 2 + 3 - h**3. Let f be i(-3). Let s = 16 + f. What is the highest common divisor of s and 7?
7
Let g(i) = -i**2 - 10*i - 7. Let v be g(-9). Suppose v*z - 40 = 14. What is the greatest common divisor of z and 3?
3
Let l be 21/(-9)*-249 + -2. Suppose -o = -2*o + c + 192, -4*c = -3*o + l. Calculate the greatest common factor of o and 27.
27
Suppose 2*l + 4 = 14. Let r be -2 + l - (1 + -86). Calculate the greatest common divisor of 22 and r.
22
Let n = 8 - -1. What is the highest common divisor of 81 and n?
9
Suppose 0 = -2*o + 4*t + 136, t - 52 = -2*o + 64. Let f = -61 + 76. What is the greatest common factor of o and f?
15
Suppose -2*d + 12 = -l + d, d = -2*l + 4. Suppose o + 4*o - 45 = l. Suppose o = 4*m - m. What is the highest common divisor of 3 and m?
3
Let i(m) = m**2 + 1. Let u(t) = -4*t**3 - 10*t**2 + 4*t - 8. Let w(h) = 10*i(h) + u(h). Let b be w(-4). Calculate the greatest common factor of b and 22.
22
Suppose 0 = -2*q + 5 + 5. Let y(l) = 4*l - 2. Let t be y(q). Calculate the greatest common divisor of t and 36.
18
Let p be (-3)/(-12) + 883/4. Suppose 41 = -3*i + p. What is the greatest common factor of i and 12?
12
Let s = -13 - -15. What is the highest common factor of s and 38?
2
Let k(s) = -2*s - 4. Let w be k(-5). Calculate the greatest common factor of 48 and w.
6
Suppose -c = 3*n - 194, 0 = 4*n + 4 - 20. Let y = 29 - 3. Calculate the greatest common factor of y and c.
26
Suppose -33 = -2*g + 67. Suppose 3*h + 17 = g. What is the highest common divisor of 1 and h?
1
Let k = 22 + -11. Let b = -31 - -86. What is the highest common factor of b and k?
11
Let j(x) = -x**3 + 2*x**2 + 2*x + 1. Let g(p) = p - 1. Let d be g(3). Let q be 3*d*(-3)/(-9). Let v be j(q). Calculate the highest common factor of 5 and v.
5
Let c(w) = -6*w + 17. Let x be c(0). What is the highest common divisor of x and 68?
17
Let i = 8 - -5. Calculate the highest common factor of 26 and i.
13
Let f be (35/21)/(2/6). Suppose 3*q - 42 = -h - 11, f*q + h = 51. Let p be (-2)/(-5) - (-716)/q. What is the highest common divisor of 48 and p?
24
Let m = 21 - 0. What is the greatest common divisor of m and 3?
3
Let h be (48/15)/((-3)/(-15)). What is the greatest common divisor of 128 and h?
16
Let n be (-30)/4*336/(-35). Calculate the highest common factor of n and 12.
12
Suppose 0 = 7*i + 5 - 460. Let r(q) = -24*q + 1. Let w be r(-1). Let x = -12 + w. Calculate the greatest common divisor of x and i.
13
Let h = 2 - -1. Calculate the highest common factor of h and 3.
3
Let a be -1*(2/6)/(8/(-72)). What is the greatest common factor of a and 21?
3
Let q(s) = s**3 + 4*s**2 + 2*s + 8. Let o(d) = -d - 1. Let v(y) = -4*o(y) - q(y). Let k be v(-5). Calculate the highest common divisor of k and 99.
11
Suppose 0 = -5*p - x + 12, 6 = -4*x - 6. Suppose 2*t - u - 5 = 0, 1 = -p*t + 2*u + 8. Suppose -t*i + 8*i = 550. What is the highest common divisor of 11 and i?
11
Suppose -u + g = u + 1, 3*g - 17 = -u. Suppose -j = u*j - 69. Let r = -9 + j. Calculate the highest common divisor of r and 112.
14
Let m = -13 + 37. Calculate the greatest common divisor of m and 8.
8
Let z = -15 - -21. Let m be (z/(-4))/(2/(-60)). What is the greatest common factor of m and 5?
5
Suppose 0 = -2*p + 8 - 0. Suppose r = p*r - 270. Calculate the highest common factor of r and 36.
18
Suppose 0 = -3*h + 6 + 9. Let q(z) = 27*z + 20. Let d(w) = 7*w + 5. Let v(t) = 9*d(t) - 2*q(t). Let c be v(h). What is the greatest common divisor of c and 10?
10
Let q be ((-2)/(-4))/((-2)/16). Let a be q/(-16) - 18/8. Let w be 11 + a*(-1)/2. Calculate the highest common factor of w and 96.
12
Let h = -45 - -69. Suppose -h = -4*q - 4*b, q - 10 = -q - b. Calculate the greatest common divisor of q and 36.
4
Let t(b) = -b**2 - 11*b - 9. Let o be t(-9). Let l(k) = -k. Let m = -4 - -3. Let g be l(m). Calculate the greatest common factor of o and g.
1
Suppose -5*a + d = -2*a - 550, 2*d = 5*a - 918. What is the highest common factor of 26 and a?
26
Let n(d) = 1. Let a(w) = -w - 2. Let o(z) = a(z) - 2*n(z). Let g be o(-2). Let q be g - -1*3 - -8. What is the highest common factor of 1 and q?
1
Let m = -6 + 8. Suppose -m*w = -w. Suppose w = y - 2*y + 24. What is the highest common factor of 60 and y?
12
Suppose 4*o = o - 303. Let j = 185 + o. Let w be ((-6)/4)/((-9)/j). What is the highest common factor of w and 28?
14
Let b = -13 - -88. What is the greatest common divisor of 15 and b?
15
Suppose 0 = u - 2 - 6. Let t be ((-6)/u)/(5/(-60)). Let i be 1*(-4 + 2) + 47. What is the highest common factor of t and i?
9
Let p be -92*(-21)/70 + 9/(-15). Suppose -s - 57 = -3*h, 5*h - 2 = 4*s + 100. Calculate the greatest common divisor of p and h.
9
Let s(w) = -2*w**2 + 2*w**3 + w**3 - 2*w**3 + 0*w + 4*w. Let g be s(3). Calculate the highest common divisor of g and 3.
3
Let t = 7 + -4. Suppose -2*j - 6*b = -3*b - 21, 3*b + t = 0. Suppose 5*g = j + 18. What is the greatest common divisor of 6 and g?
6
Suppose 0*j - 2 = -2*j. Let v = -142 - -144. Calculate the greatest common divisor of v and j.
1
Suppose -q - 11 = -38. Calculate the highest common factor of 27 and q.
27
Let w = 10 - 19. Let c = 21 + w. Let b(p) = p + 36. Let j be b(0). What is the highest common divisor of c and j?
12
Suppose 4*s - 2*s = 8. Suppose -s*u + 6 = p, 2 = p + u - 7. What is the highest common factor of p and 10?
10
Let o = -171 - -227. Calculate the highest common divisor of o and 112.
56
Let a(l) = 2*l**2 - 6*l. Suppose -2*b - 2*i = -4*b + 16, 4 = 2*b + 2*i. 